Suppose -3*l = f - 60. Calculate the highest common divisor of l and 24.
8
Let v(m) = m**2 + 6*m - 5. Let u be v(-7). Suppose -3*q = u*q - 90. Let j = q + -3. Calculate the highest common divisor of j and 10.
5
Suppose 5*o = -5*w + 110, -17 - 27 = -2*o + 2*w. What is the highest common divisor of o and 6?
2
Let b(d) = -2*d + 6. Let l be b(-6). Suppose -f - f + l = 0. What is the greatest common factor of 63 and f?
9
Suppose 5*h + 2*u - 132 = 0, 0 = -0*h + 2*h - 5*u - 76. What is the highest common factor of h and 42?
14
Let z be 4/(6/(-30)*(-4 - 1)). Calculate the greatest common divisor of 36 and z.
4
Let z(s) = s + 6. Let u be z(-6). Let d = u + 8. What is the highest common factor of 40 and d?
8
Let t = 72 - 45. Calculate the highest common factor of 54 and t.
27
Suppose 0 = -5*j - 10, 0*t - 4*j - 343 = -5*t. Suppose -y + t = -76. Calculate the greatest common divisor of 13 and y.
13
Suppose 0*l = -3*l + 9. Suppose 1 = g + l, 3*t - 64 = 5*g. Suppose 0*a + 15 = j + 3*a, -3*j - 2*a + 31 = 0. Calculate the greatest common factor of j and t.
9
Suppose -4*b + 3*a = -325, 2*b - a = -3*a + 180. Calculate the greatest common divisor of b and 34.
17
Let b = 116 + -67. What is the highest common factor of b and 49?
49
Let l(m) = -40*m. Let j(h) = -121*h. Let p(z) = 4*j(z) - 11*l(z). Let t be p(-4). What is the highest common divisor of 22 and t?
22
Suppose -5*j = 3*v - 94 + 26, 4 = j + 3*v. Let y(l) = l**2 - 4*l. Let s be y(8). Calculate the greatest common factor of s and j.
16
Suppose -230 - 13 = -9*d. What is the greatest common factor of 81 and d?
27
Suppose 4*x - 2*x = 2*j - 94, 5*j - 2*x - 238 = 0. Calculate the highest common divisor of j and 3.
3
Let x(m) be the third derivative of m**3 - m**2 + 0 + 0*m + 5/12*m**4. Let s be x(5). Calculate the highest common divisor of s and 7.
7
Suppose 11*u - 10*u - 8 = 0. Suppose 4*h - 45 = h. Let v be 4/(-10) - (-606)/h. Calculate the highest common factor of u and v.
8
Let f = 14 - 3. Let a(m) = -5*m + 1. Let h be a(-24). Calculate the greatest common divisor of h and f.
11
Let a be (2/6)/((-2)/(-18)). Suppose -s - 2 + 5 = 0. Suppose s*n + 2*n + 5*g = 45, -n + 27 = -5*g. What is the greatest common factor of a and n?
3
Let x = 215 + -116. Suppose 4*n - i + 35 = x, -67 = -5*n - 2*i. Calculate the highest common factor of 15 and n.
15
Suppose -3*l + 1 = -2. Suppose -25*h = -12*h - 13. What is the highest common factor of h and l?
1
Suppose 7*d - 2*d = 260. Suppose 3*j + 69 - 1 = 5*a, -5*a = 3*j - 62. Calculate the highest common factor of d and a.
13
Suppose -4*h - 3*r = -5 - 33, 3*h + 5*r = 34. Suppose -f - h = -4*j, -2*f = -5*f - 4*j + 56. What is the highest common factor of f and 8?
4
Let n(y) = 4*y - 13. Let p be n(4). What is the highest common divisor of 21 and p?
3
Let k(s) = -s**2 - 11*s + 2. Let y be k(-11). Suppose -4*u = -y*u - 18. Calculate the highest common divisor of u and 9.
9
Let n be (-9)/(-2) - (-16)/32. Calculate the highest common factor of 45 and n.
5
Suppose 4*c + 18 = -z, -4*z + 2*c + 25 - 7 = 0. Suppose -q + 13 = -l, 2*q - 31 = -z*l + 3*l. What is the highest common divisor of q and 2?
2
Suppose 3 = 3*j - 21. Let y(h) be the first derivative of -h**3/3 + 11*h**2/2 + h - 2. Let o be y(j). Calculate the highest common factor of 10 and o.
5
Let d be (12/(-10))/((-4)/10). Suppose d*o - 3*y = 9 + 87, 2*y = 5*o - 154. What is the greatest common divisor of o and 15?
15
Let w(q) be the second derivative of q**3 - 3*q**2/2 + 5*q. Let s be w(3). Calculate the greatest common divisor of s and 45.
15
Suppose -3*t + 112 = t - 4*v, 0 = -2*v. Let s be (-1 + 13)/((-3)/6). Let x be s/20*(-10)/3. Calculate the greatest common factor of t and x.
4
Let u be (-6 + 12)/(0 - -1). Suppose 0 = 3*f - u*f + 345. Calculate the greatest common divisor of f and 46.
23
Let r(z) = -2*z**3 - 6*z**2 + 8*z + 6. Let o be r(7). Let b be 4/10 + o/(-5). Let n = b - 65. What is the highest common factor of 17 and n?
17
Let j be ((-12)/(-9))/(2908/(-972) - -3). Suppose 2*f - 18 = 18. Calculate the greatest common divisor of j and f.
18
Suppose 2*b - 278 = -68. What is the highest common factor of 15 and b?
15
Suppose -69*m = -66*m - 195. Calculate the highest common factor of 13 and m.
13
Suppose 0*b = b - 3. Let p(k) be the second derivative of -k**3/6 - 3*k**2 + 3*k. Let s be p(-7). Calculate the highest common divisor of b and s.
1
Let a = -7 - -7. Suppose a = -3*b - 68 + 248. Calculate the highest common factor of b and 12.
12
Let d = -11 - -15. Suppose -d*q = -3*q. Suppose q*j = j - 8. What is the greatest common divisor of j and 56?
8
Suppose 0 = 6*m - 2*m - 24. Suppose 0 = -4*d + 54 - m. What is the highest common factor of 96 and d?
12
Let g = 41 - 27. Let l be 2*-1*(-1)/(-2). Let a be 69 - (1 + -1 + l). What is the highest common factor of a and g?
14
Suppose 0*c - 55 = -5*c. Let l = 11 + 10. Let q be (l - -1)*(-1 + 2). Calculate the highest common factor of q and c.
11
Let l be 0 + (2 - 0)*1. Suppose d + 6 + 4 = 5*j, 0 = 3*j + d - 14. Suppose -j*n - 12 = 0, -10 = -2*f + f + l*n. What is the highest common factor of f and 1?
1
Let z(v) = 3*v + 6. Let i be z(5). Let u be (-2 - (-14)/3)*i. Calculate the highest common factor of 8 and u.
8
Suppose -12 = -3*q + 4*d, -5*q + 26 = -q - 2*d. What is the greatest common factor of 40 and q?
8
Let l be 182/5 - (-4)/(-10). Suppose 5*r + 8 = 2*d, -4 = -d + 5*r - r. Let t be (-540)/(-63)*42/d. What is the greatest common factor of l and t?
18
Let o be 1*(-1)/((-1)/8). Suppose 3*q - o = 10. Calculate the greatest common factor of 30 and q.
6
Suppose 5*o - 24 = -3*k - 0*k, 2*o + 24 = 3*k. Calculate the highest common divisor of k and 56.
8
Let h(k) = 21*k - 14. Let c be h(6). What is the highest common divisor of c and 16?
16
Let q(i) = 8*i + 2. Let p be q(2). Calculate the highest common factor of 2 and p.
2
Suppose 0*h - 6 = -2*h. Let u(b) = 5*b**3 - 3*b**2 + 2*b + 3. Let n be u(h). What is the highest common factor of n and 13?
13
Let z = -24 + 14. Let s = -14 + z. Let x be (-2)/6*(s - -3). What is the greatest common divisor of 14 and x?
7
Suppose 3*f - y = -0*f + 48, 2*f + 4*y = 18. What is the highest common divisor of 165 and f?
15
Suppose -4*a - a + 10 = 0. Suppose -a*x + 12 = -x. What is the greatest common factor of x and 60?
12
Let j(q) = q - 1. Let s(a) = -a**2 - 10*a + 4. Let r(t) = -3*j(t) - s(t). Let f be r(6). What is the highest common factor of 7 and f?
7
Let v be -4*(3 + -74 - -1). What is the highest common factor of v and 35?
35
Let b = -1 - -2. Let i = b + -1. Suppose 2*o - 4*d = o + 31, o + 2*d - 1 = i. Calculate the greatest common factor of o and 11.
11
Let h be (-1)/(-2*1/(-4)). Let m be (60/(-8))/(h/24). What is the highest common factor of 10 and m?
10
Let f(w) = -w + 27. Let s be f(3). What is the highest common divisor of 60 and s?
12
Suppose 9*j - 4*j - 60 = 0. Let p = 0 - 7. Let v(w) = -3*w - 9. Let b be v(p). Calculate the highest common factor of j and b.
12
Suppose -3*a + 5*b + 37 = 0, -3*b - 2 = 5*a - 41. What is the greatest common divisor of a and 72?
9
Suppose 3*o = -5*y + 92, o - 5*y - 96 = -32. Let i(m) = -2 + 13 + 2 - m**2 + 0. Let q be i(0). Calculate the greatest common divisor of q and o.
13
Let y be 10*-4*(-4)/40. Let p be (-6)/(-2) + (y - -13). What is the highest common divisor of 50 and p?
10
Suppose -4*x + 25 + 15 = 0. Suppose 0 = 2*c + 2*k + k - x, 0 = -4*k - 8. Let p(s) = 4*s + 4. Let t be p(1). What is the greatest common factor of c and t?
8
Suppose -4 = -7*h + 8*h. Let o be 69 + 0 + 7 + h. Calculate the highest common factor of 24 and o.
24
Let h(i) = i**2 + i - 8. Let k be h(5). Calculate the highest common divisor of 374 and k.
22
Let p(l) = 2*l**3 + 11*l**2 - 10. Let b be p(-5). Calculate the greatest common factor of b and 60.
15
Let d = -51 - -28. Let y = d - -45. Suppose -33 = -m - 2*m. What is the greatest common factor of m and y?
11
Let y be 2 + (13 - 5) + -4. Calculate the highest common factor of 6 and y.
6
Suppose 0 = -5*n - 149 - 16. Let u = n - -3. Let a be ((-84)/u)/(2/60). What is the highest common factor of a and 12?
12
Let f = -40 + -80. Let v = -85 - f. Calculate the highest common factor of v and 5.
5
Suppose 6 = -k + 3*k. Let a(v) = 6 - 4*v**2 - 8*v - 2 + k*v**2. Let w be a(-4). Calculate the gr